4*g - 3. Let v be q(n). What is the highest common divisor of 3 and v?
3
Let j = 50 + -30. Let c = 47 - 43. Calculate the greatest common factor of c and j.
4
Suppose -2*x = g - 13, 0*g + 2*g + 6 = 4*x. Suppose -g*v + 220 = -4*o, o + 4*o = 0. Calculate the highest common divisor of v and 110.
22
Suppose 0*f + 5*f = 7300. Calculate the highest common divisor of f and 219.
73
Let b = 1005 - 706. What is the highest common factor of b and 23?
23
Let r(g) = 3*g + 17. Let k be r(-4). Suppose -k*t + 56 = -4. What is the greatest common divisor of 132 and t?
12
Suppose -2*t = t - 15. Let z(p) = p**2 - 2*p - 13. Let g be z(t). Suppose -14 = -h - 2*k, -h + k - g = -k. Calculate the greatest common divisor of h and 6.
6
Let f be 91 + (-2 - (-1 - 0)). Suppose 4*x + 0*o - 3*o = 39, x - 2*o - 16 = 0. Suppose -x*k + 11*k - 90 = 0. Calculate the greatest common factor of f and k.
18
Suppose 115 = 4*w - 4*v - 1, 5*w - 141 = v. Let o = w - 12. What is the highest common factor of 40 and o?
8
Suppose -9 - 19 = 4*f. Let o(g) = -g**2 - 6*g + 10. Let q be o(f). What is the highest common divisor of 12 and q?
3
Suppose 37*p - 34*p = 135. Calculate the highest common divisor of 63 and p.
9
Suppose 16 = 2*d - 8. Suppose 176 = 9*g - 148. What is the highest common factor of d and g?
12
Let b = -54 + 79. Suppose 13 = o - 11. Let k be 8/3*90/o. Calculate the highest common divisor of k and b.
5
Let m = -927 - -1177. Calculate the highest common divisor of m and 1375.
125
Let m = -1225 - -1245. Calculate the greatest common divisor of m and 3.
1
Let d(s) = 8*s**2 - 2*s - 1. Let r be d(-1). Suppose -r*f + 4*f = 0. Suppose -q + f*n = 4*n - 31, -n = q - 34. What is the greatest common factor of q and 245?
35
Suppose -4*m - 2*r = -5*m + 28, -4*m = 5*r - 60. Let d(b) = b**3 - 19*b**2 - 21*b + 22. Let k be d(m). Calculate the greatest common factor of k and 8.
2
Suppose 7*x = 2*x + 25. Let l be (4 - x)/(2/(-14)). Suppose 5 = 4*k - l. Calculate the greatest common factor of 24 and k.
3
Suppose 5 = -3*t - 1. Let h be (10/8)/(t/(-8)). What is the highest common factor of h and 55?
5
Let d be (-4)/(61/(-30) - -2) - -2. What is the greatest common factor of d and 61?
61
Let o(a) = -7*a - 2. Let b be o(-3). Let y be (-9522)/(-63) - (-66)/77. What is the highest common factor of y and b?
19
Let r(p) = 101*p - 2. Let f be r(2). Suppose -3 = -g - 1, 3*y = -5*g - f. Let i = y - -130. Calculate the greatest common divisor of i and 15.
15
Let w be 7/(-3)*(-3 + 0). Let g = 27 - w. Calculate the greatest common divisor of 20 and g.
20
Suppose 0*p + p = 3. Suppose -123 = 7*h - 270. What is the greatest common divisor of h and p?
3
Let r(c) = c**2 - 2*c - 2. Let b be r(4). Let f be (-4)/((-16)/4) - -31. Let t = -23 + f. What is the greatest common factor of b and t?
3
Let m = 69 + -78. Let k(y) = 4*y**2 - 2*y + 27. Let q be k(m). What is the greatest common divisor of 41 and q?
41
Suppose 0 = 122*x - 118*x - 12. Suppose -157 = -5*h + g, -107 + 26 = -x*h + 5*g. What is the highest common divisor of h and 48?
16
Suppose -3*f - 2 = -4*v, -v + 6 = f + v. Let p be f - 3 - (0 + -1). Let y be (15 - -1)*(p + 1). What is the highest common factor of y and 128?
16
Let q = 67 - 63. Suppose q*x = 5*r - 82, -5*r + 3*x + 62 + 17 = 0. Calculate the greatest common divisor of 21 and r.
7
Suppose -5*i = 10, 0*h + h + 4*i - 24 = 0. Suppose 31 = -9*z - 14. Let u(p) = p + 13. Let l be u(z). Calculate the highest common divisor of h and l.
8
Let h = 187 + 140. Suppose -h = 12*t - 1167. Calculate the greatest common divisor of 10 and t.
10
Let z(c) = 4*c**3 - 5*c**2 - c + 11. Let y be z(3). Calculate the highest common divisor of 142 and y.
71
Suppose -3*i + 4 = 13, 5*p - 5*i - 50 = 0. Suppose p*d = 10*d - 459. What is the greatest common divisor of 17 and d?
17
Suppose -2*a = -3*a. Let y be -14*(21/(-6) - a). Suppose -2*b + 0*b - 2*h + 24 = 0, 5*h = -4*b + y. Calculate the highest common divisor of b and 55.
11
Let c be ((-63)/(-2))/(4/8). Suppose 33 = 5*d - 2*u, 4*d - d + 3*u - 24 = 0. Calculate the highest common factor of c and d.
7
Let q(u) = 94*u - 539. Let l be q(6). What is the highest common divisor of l and 115?
5
Let c = -1858 - -2058. Calculate the highest common factor of c and 150.
50
Suppose 5*w - 5*z = 475, w + 2*z - 105 = z. Calculate the greatest common factor of 680 and w.
20
Let k be 33383/247 - 2/13. What is the greatest common factor of 18 and k?
9
Let r be (-28)/8*(7 - (-291)/(-21)). What is the highest common factor of r and 66?
6
Let p be (16 - 20)/((-2)/85). Let j = 81 + -13. What is the greatest common divisor of p and j?
34
Let k be ((-23)/21 + 9/21)*-18. Let h be (1*39)/(k/8). Let i be (0 + -2)/((-6)/39). Calculate the highest common divisor of i and h.
13
Suppose j - 2 = 3*f + 17, 5*j + 4*f = 57. Calculate the highest common factor of 13 and j.
13
Let m(y) = 9*y + 8. Let g be m(-6). Let w = -28 - g. What is the highest common factor of w and 2?
2
Suppose 34*j + 3*w + 333 = 37*j, 0 = -2*w + 4. What is the greatest common divisor of 1469 and j?
113
Suppose 0 = -7*z + 36*z - 1160. Suppose 180 = 5*p - 2*p. What is the highest common factor of p and z?
20
Let r be (-13)/(780/(-552))*(29 - -1). Calculate the highest common factor of 897 and r.
69
Suppose 0 = -5*c + 4*c + 5, -4*v + 3*c + 41 = 0. Calculate the greatest common divisor of 133 and v.
7
Let t be (0 - -9)/(2/4). Let x(m) be the second derivative of 11*m**3 + 15*m. Let o be x(3). What is the highest common factor of o and t?
18
Suppose -35 = -5*d - 5*k, -k = 30 - 23. Suppose 0*s + 338 = 3*s - l, s - 2*l = 116. What is the greatest common divisor of d and s?
14
Let r(n) = -112*n**2 + n. Let z be r(1). Let g = -106 - z. What is the greatest common factor of g and 30?
5
Suppose -4*r + 33 = -31. Let b = 2 + 2. Let c = -2 + b. What is the highest common divisor of r and c?
2
Let c(a) = -a**2 - a + 6. Let y be c(0). Let k be (y - 0) + -4 + 54. Calculate the highest common factor of k and 8.
8
Let m(w) = 13*w**2 - 2. Let x be m(-2). Let l = -844 - -854. What is the highest common factor of l and x?
10
Suppose 12 = 7*x - 6*x. Let d = x - 6. Calculate the highest common divisor of d and 9.
3
Suppose -14*x - 960 = -17*x. What is the greatest common divisor of 40 and x?
40
Suppose -8*d + 2034 = -966. What is the highest common factor of 150 and d?
75
Let z(u) = -u**3 + 5*u**2 + 2*u - 7. Let x be z(5). Suppose -11 = -h + x. Calculate the highest common factor of h and 21.
7
Let g = -46 + 102. Let o be (3 + (-1 - 1))*14. Calculate the highest common factor of o and g.
14
Suppose 0 = 98*r - 97*r - 126. What is the greatest common factor of r and 154?
14
Suppose 289*c = 270*c + 7429. What is the highest common divisor of c and 51?
17
Suppose -5*c - 2*r + 0 = -22, -4*c + r = -28. Suppose -c*i + 200 = -4*i. Let a(q) = -13*q - 1. Let s be a(-2). What is the highest common divisor of s and i?
25
Suppose 5*l = -2*s - s + 7, 3*l - 15 = -3*s. Suppose 51 = 3*v - 45. Suppose 5*j - v = 13. Calculate the greatest common divisor of j and s.
9
Suppose 5*l + 5*w + 14 = 44, -2*l + 12 = -4*w. Let x(o) = -4*o + 80. Let j be x(23). Let f = j - -18. Calculate the greatest common divisor of f and l.
6
Let y = -85 - -90. Suppose 0 = y*u - 4*s - 92, 0*u - 2*u - 4*s = -48. What is the greatest common divisor of 260 and u?
20
Suppose 1324 = 25*p - 51. Calculate the greatest common factor of 55 and p.
55
Let p be 20/2 - (-3)/(-1). Let d = -13 - -69. What is the greatest common factor of p and d?
7
Suppose 0 = 5*g, 4*f = 2*g + 97 - 37. Suppose -192 = -11*d + f*d. Let x = d - -90. Calculate the highest common factor of 14 and x.
14
Let z be 5/((-10)/6) + 31. Suppose 3*d = 43 - 1. Calculate the highest common divisor of z and d.
14
Let b be (-11 - 33)/(-3 - -1). Suppose -2*s - 2*s = t - 12, 0 = -5*s - 3*t + b. Suppose h = -s + 22. Calculate the greatest common divisor of 10 and h.
10
Suppose -4*u = 3*p - 28, p - 15 = 2*u - 19. What is the highest common factor of 132 and u?
4
Let i be 2/(-3) + (84/18)/1. What is the highest common divisor of 36 and i?
4
Let x = -32 + 38. Suppose x*u = 7*u - 23. Suppose -l = -8 - 15. Calculate the highest common factor of u and l.
23
Let l = -4 - -25. Suppose -4*b = -173 + l. Let v = b - 24. Calculate the highest common factor of 35 and